s 4860131 a prime number?
False
Is 52244887 composite?
False
Is 198376309 composite?
True
Is 1804763 composite?
False
Is 1383149 a prime number?
False
Is 10856093 a composite number?
False
Is 67094914 a prime number?
False
Is 1128841 prime?
False
Is 150509297 a composite number?
False
Is 87361039 a prime number?
True
Is 35568259 composite?
True
Is 86833619 a composite number?
False
Is 22106047 a prime number?
False
Is 25608439 composite?
False
Is 22114541 a composite number?
False
Is 65316743 a prime number?
False
Is 5073197 a composite number?
True
Is 48106757 composite?
False
Is 61969939 composite?
False
Is 5900443 prime?
False
Is 239858798 composite?
True
Is 65940301 a composite number?
True
Is 10626699 composite?
True
Is 1430939 a prime number?
True
Is 185974399 a composite number?
True
Is 28606141 a composite number?
False
Is 205376123 a composite number?
False
Is 8965127 composite?
False
Is 24284461 composite?
False
Is 7440789 prime?
False
Is 574261 a prime number?
True
Is 4654653 a prime number?
False
Is 17142779 prime?
True
Is 202683181 prime?
True
Is 4828141 prime?
False
Is 63494857 a composite number?
True
Is 133013561 a prime number?
True
Is 6475879 a composite number?
False
Is 22423991 composite?
True
Is 22766255 composite?
True
Is 1668203 composite?
True
Is 1528957 a prime number?
False
Is 2277393 a prime number?
False
Is 1526227 a composite number?
False
Is 6620529 composite?
True
Is 42798563 prime?
False
Is 23023513 a composite number?
False
Is 7187933 composite?
False
Is 169063883 a prime number?
True
Is 2160641 composite?
True
Is 200511973 prime?
False
Is 17237483 composite?
True
Is 180293 a composite number?
True
Is 489972947 prime?
False
Is 407609 a prime number?
False
Is 39494303 a composite number?
False
Is 118925165 composite?
True
Is 204412069 composite?
False
Is 3359309 prime?
True
Is 2587157 a prime number?
True
Is 37180133 composite?
False
Is 63490213 a prime number?
True
Is 25579369 prime?
True
Is 22496834 prime?
False
Is 383609 prime?
True
Is 154785551 prime?
True
Is 27603661 prime?
True
Is 67928635 prime?
False
Is 33711747 a prime number?
False
Is 246106594 a composite number?
True
Is 23391707 prime?
True
Is 1598561 a prime number?
False
Is 5374693 composite?
False
Is 87382761 composite?
True
Is 1705637 composite?
False
Is 48198697 a composite number?
False
Is 339373 composite?
False
Is 211835947 a composite number?
False
Is 642487 a composite number?
False
Is 3680099 composite?
True
Is 2096597 composite?
False
Is 4502389 a prime number?
True
Is 31186249 composite?
False
Is 1831421 composite?
True
Is 6961373 prime?
True
Is 75198347 a prime number?
False
Is 966781 prime?
True
Is 2750669 prime?
False
Is 201154277 composite?
False
Is 2031647 a composite number?
True
Is 709193 a prime number?
False
Is 3723913 a composite number?
False
Is 1886429 a composite number?
True
Is 84475617 prime?
False
Is 4956011 composite?
False
Is 36823327 a composite number?
False
Is 64573129 a composite number?
False
Is 314077 prime?
True
Is 19995583 prime?
True
Is 1017771 a composite number?
True
Is 33674533 prime?
True
Is 1195654 composite?
True
Is 3380123 a prime number?
True
Is 4215301 composite?
False
Is 1321511 composite?
True
Is 677279 a composite number?
True
Is 351540859 prime?
False
Is 285277774 a prime number?
False
Is 2797591 a prime number?
False
Is 2026181 a prime number?
True
Is 33184813 prime?
True
Is 21435803 composite?
True
Is 89325349 prime?
True
Is 35178973 a composite number?
False
Is 8491661 composite?
True
Is 98075267 composite?
True
Is 1511201 a composite number?
False
Is 291829499 prime?
False
Is 23480239 a composite number?
False
Is 6948517 a prime number?
True
Is 28314181 prime?
False
Is 738586657 a prime number?
False
Is 233904353 composite?
False
Is 20184603 composite?
True
Is 4944019 prime?
True
Is 32911657 a composite number?
False
Is 6973637 a prime number?
False
Is 27776363 prime?
True
Is 85073147 a composite number?
True
Is 83517323 a composite number?
False
Is 77701157 a prime number?
True
Is 1607832439 a prime number?
True
Is 41984209 prime?
True
Is 189476857 composite?
False
Is 6357983 composite?
True
Is 56982089 a composite number?
False
Is 471170003 composite?
False
Is 387868003 prime?
False
Is 21256639 prime?
False
Is 1068691919 a prime number?
False
Is 108351073 a prime number?
False
Is 54280651 a prime number?
True
Is 1227319 a composite number?
False
Is 16742111 composite?
False
Is 100482113 composite?
False
Is 109379555 prime?
False
Is 988853 a prime number?
False
Is 31859733 composite?
True
Is 17693771 prime?
True
Is 7816763 composite?
True
Is 43933 prime?
True
Is 40546421 composite?
True
Is 1168861 composite?
True
Is 11452327 a prime number?
True
Is 6937981 prime?
False
Is 39102887 a composite number?
True
Is 172512893 prime?
False
Is 1801951 composite?
True
Is 1116363 composite?
True
Is 4020277 composite?
False
Is 4381997 a composite number?
False
Is 30848245 composite?
True
Is 25552039 a prime number?
False
Is 2229763 a composite number?
True
Is 6482123 prime?
True
Is 4391581 a prime number?
False
Is 126126257 prime?
False
Is 10447369 a prime number?
False
Is 3268019 composite?
True
Is 217517 a composite number?
False
Is 304631 a prime number?
True
Is 3767443 composite?
True
Is 1549523 a prime number?
False
Is 8695147 prime?
True
Is 71425747 prime?
True
Is 25974151 prime?
False
Is 7294163 composite?
False
Is 76570733 prime?
False
Is 8859421 a prime number?
True
Is 598152257 prime?
True
Is 4919323 a composite number?
False
Is 666861877 a prime number?
False
Is 29057711 a prime number?
True
Is 512053 a composite number?
True
Is 1654687 prime?
False
Is 15785303 a composite number?
False
Is 72869869 a prime number?
True
Is 934123 a composite number?
True
Is 1281062 a composite number?
True
Is 68087867 composite?
True
Is 36581999 a composite number?
False
Is 41121359 a prime number?
True
Is 87176137 a composite number?
True
Is 9801867 a composite number?
True
Is 51700699 composite?
True
Is 19672801 composite?
True
Is 70116379 a prime number?
True
Is 368633 composite?
False
Is 782877 a prime number?
False
Is 4084523 prime?
False
Is 11642011 composite?
True
Is 513509 a composite number?
False
Is 19092023 composite?
True
Is 9360137 prime?
False
Is 4755277 a composite number?
True
Is 54353633 composite?
True
Is 18101791 composite?
False
Is 498684139 prime?
True
Is 137098597 prime?
False
Is 10315729 composite?
False
Is 1894439 a prime number?
True
Is 2591333 composite?
False
Is 211271 composite?
False
Is 4368833 prime?
False
Is 258498881 a composite number?
False
Is 293311 a composite number?
False
Is 4301477 prime?
True
Is 329005093 composite?
True
Is 12404947 prime?
False
Is 9216205 prime?
False
Is 517819 a prime number?
False
Is 1689295 a prime number?
False
Is 13078433 a prime number?
True
Is 78210361 prime?
False
Is 560584105 composite?
True
Is 766557361 composite?
True
Is 5452663 composite?
False
Is 372434681 prime?
True
Is 44052623 a composite number?
False
Is 5272391 a prime number?
False
Is 14390477 a prime number?
True
Is 49249619 a composite number?
False
Is 1332986 a prime number?
False
Is 102194047 composite?
False
Is 52615691 a prime number?
False
Is 46776539 prime?
True
Is 26120101 a composite number?
True
Is 2670491 a composite number?
False
Is 21264149 a composite number?
False
Is 9795011 composite?
True
Is 38127398 a composite number?
True
Is 570909913 prime?
False
Is 3209797 a prime number?
True
Is 429855077 prime?
True
Is 1803223 composite?
True
Is 6404537 a prime number?
False
Is 400150915 a composite number?
True
Is 18160277 a composite number?
False
Is 24252073 a prime number?
True
Is 1663061 prime?
False
Is 224488769 composite?
False
Is 42109945 a composite number?
True
Is 5239743 prime?
False
Is 13123169 composite?
False
Is 7631341 prime?
True
Is 17560483 composite?
False
Is 236490629 prime?
False
Is 93928273 prime?
True
Is 4665019 a composite number?
False
Is 174379 a composite number?
True
Is 1053583303 a prime number?
True
Is 939259 a prime number?
False
Is 16439327 a prime number?
True
Is 6819191 a composite number?
False
Is 2782331 a prime number?
True
Is 290401949 prime?
True
Is 4220039 composite?
False
Is 97771547 prime?
False
Is 1126231 a composite number?
True
Is 